se
Is 99421 a multiple of 49?
True
Is 434 a multiple of 14?
True
Is 143 a multiple of 41?
False
Is 16 a factor of 1440?
True
Is 124776 a multiple of 18?
True
Is 155 a multiple of 13?
False
Is 30069 a multiple of 13?
True
Does 4 divide 148?
True
Does 11 divide 1028?
False
Does 282 divide 27460?
False
Is 23959 a multiple of 19?
True
Is 10 a factor of 36958?
False
Is 109837 a multiple of 7?
True
Is 14094 a multiple of 87?
True
Is 10 a factor of 5874?
False
Does 10 divide 851?
False
Is 26 a factor of 423?
False
Is 25 a factor of 90400?
True
Is 18 a factor of 8260?
False
Does 16 divide 416?
True
Does 7 divide 359?
False
Does 15 divide 416?
False
Is 8000 a multiple of 40?
True
Does 14 divide 162?
False
Is 557 a multiple of 11?
False
Does 8 divide 27282?
False
Does 116 divide 37484?
False
Is 33 a factor of 3333?
True
Is 675 a multiple of 25?
True
Is 560 a multiple of 25?
False
Does 357 divide 12852?
True
Is 18400 a multiple of 12?
False
Is 45 a factor of 938?
False
Does 180 divide 15240?
False
Does 296 divide 18056?
True
Does 5 divide 4175?
True
Does 8 divide 40808?
True
Is 318 a multiple of 53?
True
Does 13 divide 6539?
True
Is 67 a factor of 2783?
False
Is 1320 a multiple of 33?
True
Does 25 divide 3425?
True
Does 89 divide 1513?
True
Does 33 divide 13167?
True
Is 2 a factor of 404?
True
Is 384 a multiple of 64?
True
Does 63 divide 10143?
True
Does 13 divide 537?
False
Is 19 a factor of 1976?
True
Is 108 a multiple of 4?
True
Is 32639 a multiple of 306?
False
Is 27 a factor of 1026?
True
Is 49 a multiple of 2?
False
Is 12 a factor of 984?
True
Is 110 a multiple of 5?
True
Is 972 a multiple of 4?
True
Does 12 divide 377?
False
Is 47383 a multiple of 22?
False
Is 51 a factor of 1581?
True
Is 490 a multiple of 31?
False
Is 6045 a multiple of 39?
True
Does 15 divide 485?
False
Is 11413 a multiple of 150?
False
Is 16 a factor of 96?
True
Is 52 a factor of 3484?
True
Is 231 a multiple of 4?
False
Does 12 divide 7440?
True
Is 1222 a multiple of 26?
True
Is 8 a factor of 56?
True
Is 52 a factor of 7540?
True
Does 6 divide 6607?
False
Does 12 divide 10903?
False
Is 19 a factor of 5358?
True
Does 65 divide 1114?
False
Does 323 divide 77626?
False
Is 2 a factor of 870?
True
Does 92 divide 4302?
False
Is 5 a factor of 3860?
True
Is 859 a multiple of 2?
False
Does 16 divide 3135?
False
Does 14 divide 703?
False
Is 33 a factor of 18591?
False
Is 23 a factor of 52437?
False
Is 32 a factor of 3329?
False
Does 40 divide 3442?
False
Is 54080 a multiple of 13?
True
Does 25 divide 925?
True
Does 21 divide 1470?
True
Is 50424 a multiple of 31?
False
Is 71 a factor of 2714?
False
Is 731 a multiple of 6?
False
Does 18 divide 12744?
True
Does 15 divide 4275?
True
Does 61 divide 9483?
False
Is 42 a factor of 36956?
False
Is 516 a multiple of 25?
False
Does 27 divide 73953?
True
Is 4 a factor of 973?
False
Does 20 divide 7086?
False
Is 40718 a multiple of 7?
False
Is 41 a factor of 943?
True
Is 2865 a multiple of 127?
False
Is 33623 a multiple of 27?
False
Does 30 divide 690?
True
Is 2429 a multiple of 9?
False
Is 19 a factor of 770?
False
Is 18 a factor of 406?
False
Is 14 a factor of 2296?
True
Is 9 a factor of 1890?
True
Is 20 a factor of 1360?
True
Is 34 a factor of 244?
False
Does 42 divide 286?
False
Is 193090 a multiple of 42?
False
Is 1200 a multiple of 10?
True
Is 13 a factor of 1119?
False
Does 13 divide 229?
False
Is 19 a factor of 37116?
False
Does 22 divide 1595?
False
Is 2670 a multiple of 113?
False
Does 3 divide 440?
False
Does 50 divide 25450?
True
Does 12 divide 1008?
True
Does 13 divide 12782?
False
Is 520 a multiple of 78?
False
Is 3 a multiple of 2?
False
Does 10 divide 20640?
True
Does 95 divide 5605?
True
Is 1226 a multiple of 7?
False
Is 9 a factor of 2430?
True
Is 41 a factor of 4551?
True
Is 151024 a multiple of 16?
True
Is 211 a factor of 12563?
False
Is 431 a multiple of 13?
False
Is 22932 a multiple of 98?
True
Does 4 divide 494?
False
Does 3 divide 268?
False
Is 7399 a multiple of 13?
False
Does 85 divide 850?
True
Does 12 divide 108?
True
Does 8 divide 1062?
False
Is 17 a factor of 12407?
False
Does 3 divide 13169?
False
Does 315 divide 25515?
True
Does 15 divide 40721?
False
Does 50 divide 503?
False
Is 1760 a multiple of 55?
True
Is 2 a factor of 95?
False
Is 57 a multiple of 12?
False
Is 60884 a multiple of 14?
False
Does 6 divide 259?
False
Is 624 a multiple of 208?
True
Is 102 a factor of 102?
True
Is 7 a factor of 2338?
True
Is 36 a factor of 288?
True
Does 6 divide 918?
True
Is 147 a factor of 9849?
True
Does 5 divide 225?
True
Is 12 a factor of 20184?
True
Is 29 a factor of 2987?
True
Does 13 divide 623?
False
Does 164 divide 5576?
True
Is 256 a multiple of 28?
False
Is 156 a factor of 1560?
True
Does 58 divide 1566?
True
Is 77 a factor of 385?
True
Is 70 a factor of 1820?
True
Is 305 a multiple of 11?
False
Is 22 a factor of 2496?
False
Does 97 divide 1261?
True
Is 11814 a multiple of 22?
True
Does 4 divide 784?
True
Is 2288 a multiple of 13?
True
Does 6 divide 18?
True
Is 312 a multiple of 13?
True
Is 972 a multiple of 27?
True
Is 11419 a multiple of 147?
False
Does 8 divide 2200?
True
Is 5224 a multiple of 2?
True
Does 20 divide 5056?
False
Does 313 divide 15650?
True
Is 22016 a multiple of 10?
False
Is 1309 a multiple of 13?
False
Does 28 divide 639?
False
Does 18 divide 3924?
True
Is 57834 a multiple of 63?
True
Does 4 divide 131?
False
Is 16882 a multiple of 84?
False
Is 116 a factor of 14732?
True
Is 41 a factor of 85157?
True
Is 18150 a multiple of 66?
True
Is 82 even?
True
Is 38 a factor of 114?
True
Does 16 divide 265?
False
Is 2212 a multiple of 6?
False
Is 213 a factor of 7982?
False
Is 53268 a multiple of 9?
False
Does 239 divide 20351?
False
Does 125 divide 18625?
True
Is 23 a factor of 54?
False
Is 3 a factor of 192?
True
Is 12552 a multiple of 24?
True
Is 70 a factor of 3710?
True
Does 2 divide 917?
False
Is 256 a multiple of 4?
True
Is 28080 a multiple of 26?
True
Is 164 a factor of 71176?
True
Is 12 a factor of 46?
False
Does 10 divide 3197?
False
Does 11 divide 3278?
True
Does 350 divide 43704?
False
Is 3983 a multiple of 64?
False
Does 31 divide 5828?
True
Is 192 a multiple of 16?
True
Is 47 a factor of 120?
False
Is 25344 a multiple of 16?
True
Is 14 a factor of 628?
False
Is 703 a multiple of 23?
False
Is 820 a multiple of 36?
False
Is 7 a factor of 237?
False
Is 87 a factor of 435?
True
Is 4 a factor of 28?
True
Is 9 a factor of 2493?
True
Is 75651 a multiple of 151?
True
Is 4 a factor of 616?
True
Is 1723 a multiple of 39?
False
Does 5 divide 33285?
True
Is 57946 a multiple of 15?
False
Does 28 divide 3220?
True
Is 7645 a multiple of 11?
True
Is 221 a multiple of 40?
False
Does 41 divide 984?
True
Is 70 a multiple of 10?
True
Is 1428 a multiple of 68?
True
Does 20 divide 59420?
True
Is 54 a factor of 17988?
False
Is 10 a factor of 20?
True
Is 118 a factor of 5619?
False
Is 19182 a multiple of 23?
True
Does 87 divide 33074?
False
Is 405 a multiple of 3?
True
Is 37 a factor of 104377?
True
Is 4048 a multiple of 22?
True
Is 4 a factor of 1116?
True
Is 870 a multiple of 29?
True
Is 6251 a multiple of 19?
True
Does 19 divide 375?
False
Is 22 a factor of 8748?
False
Is 23 a factor of 7337?
True
Is 13065 a multiple of 16?
False
Is 5911 a multiple of 23?
True
Is 48 a factor of 22307?
False
Does 69 divide 1173?
True
Is 71 a factor of 13987?
True
Is 99 a factor of 3366?
True
Does 33 divide 1188?
True
Does 88 divide 7040?
True
Is 3 a factor of 218?
False
Is 3011 a multiple of 3?
False
Is 27162 a multiple of 18?
True
Is 53160 a multiple of 16?
False
Is 13739 a multiple of 105?
False
Is 3939 a multiple of 101?
True
Does 7 divide 7712?
False
Does 61 divide 84201?
False
Is 5 a factor of 321?
False
Does 14 divide 1097?
False
Is 18860 a multiple of 20?
True
Does 14 divide 644?
True
Does 18 divide 36?
True
Is 35 a factor of 616?
False
Is 6 a factor of 18912?
True
Does 15 divide 23820?
True
Does 75 divide 3618?
False
Is 82299 a multiple of 25?
False
Is 27858 a multiple of 12?
False
Does 23 divide 36101?
False
Is 10 a factor of 14310?
True
Is 4 a factor of 2143?
False
Is 960 a multiple of 32?
True
Does 17 divide 85?
True
Does 19 divide 311?
False
Is 36 a factor of 1270?
False
Is 7367 a multiple of 42?
False
Is 3667 a multiple 